{"id":5379,"date":"2021-12-03T14:47:44","date_gmt":"2021-12-03T14:47:44","guid":{"rendered":"https:\/\/sanjudastadeo.io\/wordpress\/?page_id=5379"},"modified":"2021-12-04T19:33:34","modified_gmt":"2021-12-04T19:33:34","slug":"recursos-graficos","status":"publish","type":"page","link":"https:\/\/sanjudastadeo.io\/wordpress\/recursos-graficos\/","title":{"rendered":"Recursos gr\u00e1ficos"},"content":{"rendered":"\t\t<div data-elementor-type=\"wp-page\" data-elementor-id=\"5379\" class=\"elementor elementor-5379\" data-elementor-post-type=\"page\">\n\t\t\t\t\t\t<section class=\"elementor-section elementor-top-section elementor-element elementor-element-0e1cba8 elementor-section-full_width elementor-section-content-top elementor-section-stretched elementor-section-height-default elementor-section-height-default\" data-id=\"0e1cba8\" data-element_type=\"section\" data-settings=\"{&quot;stretch_section&quot;:&quot;section-stretched&quot;,&quot;background_background&quot;:&quot;classic&quot;}\">\r\n\t\t\r\n\t\t\t\t\t\t\t<div class=\"elementor-container elementor-column-gap-extended\">\r\n\t\t\t\t\t\t\t\t\t\t\t<div class=\"elementor-column elementor-col-100 elementor-top-column elementor-element elementor-element-7b7b578\" data-id=\"7b7b578\" data-element_type=\"column\">\r\n\t\t\t\t\t<div class=\"elementor-widget-wrap elementor-element-populated\">\r\n\t\t\t\t\t\t\t\t<div class=\"elementor-element elementor-element-e12f252 elementor-widget elementor-widget-heading\" data-id=\"e12f252\" data-element_type=\"widget\" data-widget_type=\"heading.default\">\n\t\t\t\t<div class=\"elementor-widget-container\">\n\t\t\t\t\t<h2 class=\"elementor-heading-title elementor-size-large\">RECURSOS GR\u00c1FICOS<\/h2>\t\t\t\t<\/div>\n\t\t\t\t<\/div>\n\t\t\t\t\t<\/div>\r\n\t\t\t\t<\/div>\r\n\t\t\t\t\t<\/div>\r\n\t\t\t\t<\/section>\r\n\t\t\t\t<section class=\"elementor-section elementor-top-section elementor-element elementor-element-4d350a1 elementor-section-boxed elementor-section-height-default elementor-section-height-default\" data-id=\"4d350a1\" data-element_type=\"section\">\r\n\t\t\r\n\t\t\t\t\t\t\t<div class=\"elementor-container elementor-column-gap-default\">\r\n\t\t\t\t\t\t\t\t\t\t\t<div class=\"elementor-column elementor-col-100 elementor-top-column elementor-element elementor-element-06f140a\" data-id=\"06f140a\" data-element_type=\"column\">\r\n\t\t\t\t\t<div class=\"elementor-widget-wrap elementor-element-populated\">\r\n\t\t\t\t\t\t\t\t<div class=\"elementor-element elementor-element-a0e2354 elementor-widget elementor-widget-heading\" data-id=\"a0e2354\" data-element_type=\"widget\" data-widget_type=\"heading.default\">\n\t\t\t\t<div class=\"elementor-widget-container\">\n\t\t\t\t\t<h2 class=\"elementor-heading-title elementor-size-default\">Logos<\/h2>\t\t\t\t<\/div>\n\t\t\t\t<\/div>\n\t\t\t\t\t<\/div>\r\n\t\t\t\t<\/div>\r\n\t\t\t\t\t<\/div>\r\n\t\t\t\t<\/section>\r\n\t\t\t\t<section class=\"elementor-section elementor-top-section elementor-element elementor-element-1c7a1cc elementor-section-boxed elementor-section-height-default elementor-section-height-default\" data-id=\"1c7a1cc\" data-element_type=\"section\">\r\n\t\t\r\n\t\t\t\t\t\t\t<div class=\"elementor-container elementor-column-gap-default\">\r\n\t\t\t\t\t\t\t\t\t\t\t<div class=\"elementor-column elementor-col-100 elementor-top-column elementor-element elementor-element-0e4b028\" data-id=\"0e4b028\" data-element_type=\"column\">\r\n\t\t\t\t\t<div class=\"elementor-widget-wrap elementor-element-populated\">\r\n\t\t\t\t\t\t\t\t<div class=\"elementor-element elementor-element-f9bd773 elementor-widget elementor-widget-image\" data-id=\"f9bd773\" data-element_type=\"widget\" data-widget_type=\"image.default\">\n\t\t\t\t<div class=\"elementor-widget-container\">\n\t\t\t\t\t\t\t\t\t\t\t\t\t\t\t\t<a href=\"https:\/\/sanjudastadeo.io\/wordpress\/graficos\/sjt_logoteca_3.zip\">\n\t\t\t\t\t\t\t<img fetchpriority=\"high\" decoding=\"async\" width=\"994\" height=\"200\" src=\"https:\/\/sanjudastadeo.io\/wordpress\/wp-content\/uploads\/2021\/12\/logoteca_3.jpg\" class=\"attachment-large size-large wp-image-5397\" alt=\"\" srcset=\"https:\/\/sanjudastadeo.io\/wordpress\/wp-content\/uploads\/2021\/12\/logoteca_3.jpg 994w, https:\/\/sanjudastadeo.io\/wordpress\/wp-content\/uploads\/2021\/12\/logoteca_3-600x121.jpg 600w, https:\/\/sanjudastadeo.io\/wordpress\/wp-content\/uploads\/2021\/12\/logoteca_3-768x155.jpg 768w, https:\/\/sanjudastadeo.io\/wordpress\/wp-content\/uploads\/2021\/12\/logoteca_3-640x129.jpg 640w, https:\/\/sanjudastadeo.io\/wordpress\/wp-content\/uploads\/2021\/12\/logoteca_3-400x80.jpg 400w, https:\/\/sanjudastadeo.io\/wordpress\/wp-content\/uploads\/2021\/12\/logoteca_3-367x74.jpg 367w\" sizes=\"(max-width: 994px) 100vw, 994px\" \/>\t\t\t\t\t\t\t\t<\/a>\n\t\t\t\t\t\t\t\t\t\t\t\t\t\t\t<\/div>\n\t\t\t\t<\/div>\n\t\t\t\t\t<\/div>\r\n\t\t\t\t<\/div>\r\n\t\t\t\t\t<\/div>\r\n\t\t\t\t<\/section>\r\n\t\t\t\t<section class=\"elementor-section elementor-top-section elementor-element elementor-element-7c4e748 elementor-section-boxed elementor-section-height-default elementor-section-height-default\" data-id=\"7c4e748\" data-element_type=\"section\">\r\n\t\t\r\n\t\t\t\t\t\t\t<div class=\"elementor-container elementor-column-gap-default\">\r\n\t\t\t\t\t\t\t\t\t\t\t<div class=\"elementor-column elementor-col-100 elementor-top-column elementor-element elementor-element-591cf0e\" data-id=\"591cf0e\" data-element_type=\"column\">\r\n\t\t\t\t\t<div class=\"elementor-widget-wrap elementor-element-populated\">\r\n\t\t\t\t\t\t\t\t<div class=\"elementor-element elementor-element-76473d8 elementor-widget elementor-widget-image\" data-id=\"76473d8\" data-element_type=\"widget\" data-widget_type=\"image.default\">\n\t\t\t\t<div class=\"elementor-widget-container\">\n\t\t\t\t\t\t\t\t\t\t\t\t\t\t\t\t<a href=\"https:\/\/sanjudastadeo.io\/wordpress\/graficos\/sjt_logoteca_1.zip\">\n\t\t\t\t\t\t\t<img decoding=\"async\" width=\"1024\" height=\"158\" src=\"https:\/\/sanjudastadeo.io\/wordpress\/wp-content\/uploads\/2021\/12\/logoteca_1-1024x158.jpg\" class=\"attachment-large size-large wp-image-5396\" alt=\"\" srcset=\"https:\/\/sanjudastadeo.io\/wordpress\/wp-content\/uploads\/2021\/12\/logoteca_1-1024x158.jpg 1024w, https:\/\/sanjudastadeo.io\/wordpress\/wp-content\/uploads\/2021\/12\/logoteca_1-600x93.jpg 600w, https:\/\/sanjudastadeo.io\/wordpress\/wp-content\/uploads\/2021\/12\/logoteca_1-768x119.jpg 768w, https:\/\/sanjudastadeo.io\/wordpress\/wp-content\/uploads\/2021\/12\/logoteca_1-640x99.jpg 640w, https:\/\/sanjudastadeo.io\/wordpress\/wp-content\/uploads\/2021\/12\/logoteca_1-400x62.jpg 400w, https:\/\/sanjudastadeo.io\/wordpress\/wp-content\/uploads\/2021\/12\/logoteca_1-367x57.jpg 367w\" sizes=\"(max-width: 1024px) 100vw, 1024px\" \/>\t\t\t\t\t\t\t\t<\/a>\n\t\t\t\t\t\t\t\t\t\t\t\t\t\t\t<\/div>\n\t\t\t\t<\/div>\n\t\t\t\t\t<\/div>\r\n\t\t\t\t<\/div>\r\n\t\t\t\t\t<\/div>\r\n\t\t\t\t<\/section>\r\n\t\t\t\t<section class=\"elementor-section elementor-top-section elementor-element elementor-element-d3b74cb elementor-section-boxed elementor-section-height-default elementor-section-height-default\" data-id=\"d3b74cb\" data-element_type=\"section\">\r\n\t\t\r\n\t\t\t\t\t\t\t<div class=\"elementor-container elementor-column-gap-default\">\r\n\t\t\t\t\t\t\t\t\t\t\t<div class=\"elementor-column elementor-col-100 elementor-top-column elementor-element elementor-element-1b9085c\" data-id=\"1b9085c\" data-element_type=\"column\">\r\n\t\t\t\t\t<div class=\"elementor-widget-wrap elementor-element-populated\">\r\n\t\t\t\t\t\t\t\t<div class=\"elementor-element elementor-element-23bb89d elementor-widget elementor-widget-image\" data-id=\"23bb89d\" data-element_type=\"widget\" data-widget_type=\"image.default\">\n\t\t\t\t<div class=\"elementor-widget-container\">\n\t\t\t\t\t\t\t\t\t\t\t\t\t\t\t\t<a href=\"https:\/\/sanjudastadeo.io\/wordpress\/graficos\/sjt_logoteca_2.zip\">\n\t\t\t\t\t\t\t<img decoding=\"async\" width=\"900\" height=\"200\" src=\"https:\/\/sanjudastadeo.io\/wordpress\/wp-content\/uploads\/2021\/12\/logoteca_2.jpg\" class=\"attachment-large size-large wp-image-5390\" alt=\"\" srcset=\"https:\/\/sanjudastadeo.io\/wordpress\/wp-content\/uploads\/2021\/12\/logoteca_2.jpg 900w, https:\/\/sanjudastadeo.io\/wordpress\/wp-content\/uploads\/2021\/12\/logoteca_2-600x133.jpg 600w, https:\/\/sanjudastadeo.io\/wordpress\/wp-content\/uploads\/2021\/12\/logoteca_2-768x171.jpg 768w, https:\/\/sanjudastadeo.io\/wordpress\/wp-content\/uploads\/2021\/12\/logoteca_2-640x142.jpg 640w, https:\/\/sanjudastadeo.io\/wordpress\/wp-content\/uploads\/2021\/12\/logoteca_2-400x89.jpg 400w, https:\/\/sanjudastadeo.io\/wordpress\/wp-content\/uploads\/2021\/12\/logoteca_2-367x82.jpg 367w\" sizes=\"(max-width: 900px) 100vw, 900px\" \/>\t\t\t\t\t\t\t\t<\/a>\n\t\t\t\t\t\t\t\t\t\t\t\t\t\t\t<\/div>\n\t\t\t\t<\/div>\n\t\t\t\t\t<\/div>\r\n\t\t\t\t<\/div>\r\n\t\t\t\t\t<\/div>\r\n\t\t\t\t<\/section>\r\n\t\t\t\t<section class=\"elementor-section elementor-top-section elementor-element elementor-element-39d1899 elementor-section-boxed elementor-section-height-default elementor-section-height-default\" data-id=\"39d1899\" data-element_type=\"section\">\r\n\t\t\r\n\t\t\t\t\t\t\t<div class=\"elementor-container elementor-column-gap-default\">\r\n\t\t\t\t\t\t\t\t\t\t\t<div class=\"elementor-column elementor-col-100 elementor-top-column elementor-element elementor-element-f84633c\" data-id=\"f84633c\" data-element_type=\"column\">\r\n\t\t\t\t\t<div class=\"elementor-widget-wrap elementor-element-populated\">\r\n\t\t\t\t\t\t\t\t<div class=\"elementor-element elementor-element-8c59de9 elementor-widget elementor-widget-heading\" data-id=\"8c59de9\" data-element_type=\"widget\" data-widget_type=\"heading.default\">\n\t\t\t\t<div class=\"elementor-widget-container\">\n\t\t\t\t\t<h2 class=\"elementor-heading-title elementor-size-default\">Laminas colecci\u00f3n Seforis (edici\u00f3n web)<\/h2>\t\t\t\t<\/div>\n\t\t\t\t<\/div>\n\t\t\t\t\t<\/div>\r\n\t\t\t\t<\/div>\r\n\t\t\t\t\t<\/div>\r\n\t\t\t\t<\/section>\r\n\t\t\t\t<section class=\"elementor-section elementor-top-section elementor-element elementor-element-dc8d874 elementor-section-boxed elementor-section-height-default elementor-section-height-default\" data-id=\"dc8d874\" data-element_type=\"section\">\r\n\t\t\r\n\t\t\t\t\t\t\t<div class=\"elementor-container elementor-column-gap-default\">\r\n\t\t\t\t\t\t\t\t\t\t\t<div class=\"elementor-column elementor-col-100 elementor-top-column elementor-element elementor-element-6dca7ec\" data-id=\"6dca7ec\" data-element_type=\"column\">\r\n\t\t\t\t\t<div class=\"elementor-widget-wrap elementor-element-populated\">\r\n\t\t\t\t\t\t\t\t<div class=\"elementor-element elementor-element-9cb7b98 elementor-widget elementor-widget-gallery\" data-id=\"9cb7b98\" data-element_type=\"widget\" data-settings=\"{&quot;lazyload&quot;:&quot;yes&quot;,&quot;gallery_layout&quot;:&quot;grid&quot;,&quot;columns&quot;:4,&quot;columns_tablet&quot;:2,&quot;columns_mobile&quot;:1,&quot;gap&quot;:{&quot;unit&quot;:&quot;px&quot;,&quot;size&quot;:10,&quot;sizes&quot;:[]},&quot;gap_tablet&quot;:{&quot;unit&quot;:&quot;px&quot;,&quot;size&quot;:10,&quot;sizes&quot;:[]},&quot;gap_mobile&quot;:{&quot;unit&quot;:&quot;px&quot;,&quot;size&quot;:10,&quot;sizes&quot;:[]},&quot;link_to&quot;:&quot;file&quot;,&quot;aspect_ratio&quot;:&quot;3:2&quot;,&quot;overlay_background&quot;:&quot;yes&quot;,&quot;content_hover_animation&quot;:&quot;fade-in&quot;}\" data-widget_type=\"gallery.default\">\n\t\t\t\t<div class=\"elementor-widget-container\">\n\t\t\t\t\t\t\t<div class=\"elementor-gallery__container\">\n\t\t\t\t\t\t\t<a class=\"e-gallery-item elementor-gallery-item elementor-animated-content\" href=\"https:\/\/sanjudastadeo.io\/wordpress\/wp-content\/uploads\/2021\/12\/seforis_san_judas.jpg\" data-elementor-open-lightbox=\"yes\" data-elementor-lightbox-slideshow=\"9cb7b98\" data-elementor-lightbox-title=\"San Judas Tadeo - Colecci\u00f3n Seforis\" data-e-action-hash=\"#elementor-action%3Aaction%3Dlightbox%26settings%3DeyJpZCI6NTQwNywidXJsIjoiaHR0cHM6XC9cL3Nhbmp1ZGFzdGFkZW8uaW9cL3dvcmRwcmVzc1wvd3AtY29udGVudFwvdXBsb2Fkc1wvMjAyMVwvMTJcL3NlZm9yaXNfc2FuX2p1ZGFzLmpwZyIsInNsaWRlc2hvdyI6IjljYjdiOTgifQ%3D%3D\">\n\t\t\t\t\t<div class=\"e-gallery-image elementor-gallery-item__image\" data-thumbnail=\"https:\/\/sanjudastadeo.io\/wordpress\/wp-content\/uploads\/2021\/12\/seforis_san_judas-424x600.jpg\" data-width=\"424\" data-height=\"600\" aria-label=\"San Judas Tadeo - Colecci\u00f3n Seforis\" role=\"img\" ><\/div>\n\t\t\t\t\t\t\t\t\t\t\t<div class=\"elementor-gallery-item__overlay\"><\/div>\n\t\t\t\t\t\t\t\t\t\t\t\t\t\t<\/a>\n\t\t\t\t\t\t\t<a class=\"e-gallery-item elementor-gallery-item elementor-animated-content\" href=\"https:\/\/sanjudastadeo.io\/wordpress\/wp-content\/uploads\/2021\/12\/seforis_san_judas_busto.jpg\" data-elementor-open-lightbox=\"yes\" data-elementor-lightbox-slideshow=\"9cb7b98\" data-elementor-lightbox-title=\"seforis_san_judas_busto\" data-e-action-hash=\"#elementor-action%3Aaction%3Dlightbox%26settings%3DeyJpZCI6NTQwOSwidXJsIjoiaHR0cHM6XC9cL3Nhbmp1ZGFzdGFkZW8uaW9cL3dvcmRwcmVzc1wvd3AtY29udGVudFwvdXBsb2Fkc1wvMjAyMVwvMTJcL3NlZm9yaXNfc2FuX2p1ZGFzX2J1c3RvLmpwZyIsInNsaWRlc2hvdyI6IjljYjdiOTgifQ%3D%3D\">\n\t\t\t\t\t<div class=\"e-gallery-image elementor-gallery-item__image\" data-thumbnail=\"https:\/\/sanjudastadeo.io\/wordpress\/wp-content\/uploads\/2021\/12\/seforis_san_judas_busto-424x600.jpg\" data-width=\"424\" data-height=\"600\" aria-label=\"\" role=\"img\" ><\/div>\n\t\t\t\t\t\t\t\t\t\t\t<div class=\"elementor-gallery-item__overlay\"><\/div>\n\t\t\t\t\t\t\t\t\t\t\t\t\t\t<\/a>\n\t\t\t\t\t\t\t<a class=\"e-gallery-item elementor-gallery-item elementor-animated-content\" href=\"https:\/\/sanjudastadeo.io\/wordpress\/wp-content\/uploads\/2021\/12\/seforis_san_judas_peticion.jpg\" data-elementor-open-lightbox=\"yes\" data-elementor-lightbox-slideshow=\"9cb7b98\" data-elementor-lightbox-title=\"seforis_san_judas_peticion\" data-e-action-hash=\"#elementor-action%3Aaction%3Dlightbox%26settings%3DeyJpZCI6NTQxMywidXJsIjoiaHR0cHM6XC9cL3Nhbmp1ZGFzdGFkZW8uaW9cL3dvcmRwcmVzc1wvd3AtY29udGVudFwvdXBsb2Fkc1wvMjAyMVwvMTJcL3NlZm9yaXNfc2FuX2p1ZGFzX3BldGljaW9uLmpwZyIsInNsaWRlc2hvdyI6IjljYjdiOTgifQ%3D%3D\">\n\t\t\t\t\t<div class=\"e-gallery-image elementor-gallery-item__image\" data-thumbnail=\"https:\/\/sanjudastadeo.io\/wordpress\/wp-content\/uploads\/2021\/12\/seforis_san_judas_peticion-424x600.jpg\" data-width=\"424\" data-height=\"600\" aria-label=\"\" role=\"img\" ><\/div>\n\t\t\t\t\t\t\t\t\t\t\t<div class=\"elementor-gallery-item__overlay\"><\/div>\n\t\t\t\t\t\t\t\t\t\t\t\t\t\t<\/a>\n\t\t\t\t\t\t\t<a class=\"e-gallery-item elementor-gallery-item elementor-animated-content\" href=\"https:\/\/sanjudastadeo.io\/wordpress\/wp-content\/uploads\/2021\/12\/seforis_san_judas_virgen.jpg\" data-elementor-open-lightbox=\"yes\" data-elementor-lightbox-slideshow=\"9cb7b98\" data-elementor-lightbox-title=\"seforis_san_judas_virgen\" data-e-action-hash=\"#elementor-action%3Aaction%3Dlightbox%26settings%3DeyJpZCI6NTQxNywidXJsIjoiaHR0cHM6XC9cL3Nhbmp1ZGFzdGFkZW8uaW9cL3dvcmRwcmVzc1wvd3AtY29udGVudFwvdXBsb2Fkc1wvMjAyMVwvMTJcL3NlZm9yaXNfc2FuX2p1ZGFzX3Zpcmdlbi5qcGciLCJzbGlkZXNob3ciOiI5Y2I3Yjk4In0%3D\">\n\t\t\t\t\t<div class=\"e-gallery-image elementor-gallery-item__image\" data-thumbnail=\"https:\/\/sanjudastadeo.io\/wordpress\/wp-content\/uploads\/2021\/12\/seforis_san_judas_virgen-424x600.jpg\" data-width=\"424\" data-height=\"600\" aria-label=\"\" role=\"img\" ><\/div>\n\t\t\t\t\t\t\t\t\t\t\t<div class=\"elementor-gallery-item__overlay\"><\/div>\n\t\t\t\t\t\t\t\t\t\t\t\t\t\t<\/a>\n\t\t\t\t\t\t\t<a class=\"e-gallery-item elementor-gallery-item elementor-animated-content\" href=\"https:\/\/sanjudastadeo.io\/wordpress\/wp-content\/uploads\/2021\/12\/seforis_san_judas_apostoles.jpg\" data-elementor-open-lightbox=\"yes\" data-elementor-lightbox-slideshow=\"9cb7b98\" data-elementor-lightbox-title=\"seforis_san_judas_apostoles\" data-e-action-hash=\"#elementor-action%3Aaction%3Dlightbox%26settings%3DeyJpZCI6NTQwOCwidXJsIjoiaHR0cHM6XC9cL3Nhbmp1ZGFzdGFkZW8uaW9cL3dvcmRwcmVzc1wvd3AtY29udGVudFwvdXBsb2Fkc1wvMjAyMVwvMTJcL3NlZm9yaXNfc2FuX2p1ZGFzX2Fwb3N0b2xlcy5qcGciLCJzbGlkZXNob3ciOiI5Y2I3Yjk4In0%3D\">\n\t\t\t\t\t<div class=\"e-gallery-image elementor-gallery-item__image\" data-thumbnail=\"https:\/\/sanjudastadeo.io\/wordpress\/wp-content\/uploads\/2021\/12\/seforis_san_judas_apostoles-424x600.jpg\" data-width=\"424\" data-height=\"600\" aria-label=\"Colecci\u00f3n seforis\" role=\"img\" ><\/div>\n\t\t\t\t\t\t\t\t\t\t\t<div class=\"elementor-gallery-item__overlay\"><\/div>\n\t\t\t\t\t\t\t\t\t\t\t\t\t\t<\/a>\n\t\t\t\t\t\t\t<a class=\"e-gallery-item elementor-gallery-item elementor-animated-content\" href=\"https:\/\/sanjudastadeo.io\/wordpress\/wp-content\/uploads\/2021\/12\/seforis_san_judas_iglesia.jpg\" data-elementor-open-lightbox=\"yes\" data-elementor-lightbox-slideshow=\"9cb7b98\" data-elementor-lightbox-title=\"seforis_san_judas_iglesia\" data-e-action-hash=\"#elementor-action%3Aaction%3Dlightbox%26settings%3DeyJpZCI6NTQxMSwidXJsIjoiaHR0cHM6XC9cL3Nhbmp1ZGFzdGFkZW8uaW9cL3dvcmRwcmVzc1wvd3AtY29udGVudFwvdXBsb2Fkc1wvMjAyMVwvMTJcL3NlZm9yaXNfc2FuX2p1ZGFzX2lnbGVzaWEuanBnIiwic2xpZGVzaG93IjoiOWNiN2I5OCJ9\">\n\t\t\t\t\t<div class=\"e-gallery-image elementor-gallery-item__image\" data-thumbnail=\"https:\/\/sanjudastadeo.io\/wordpress\/wp-content\/uploads\/2021\/12\/seforis_san_judas_iglesia-424x600.jpg\" data-width=\"424\" data-height=\"600\" aria-label=\"\" role=\"img\" ><\/div>\n\t\t\t\t\t\t\t\t\t\t\t<div class=\"elementor-gallery-item__overlay\"><\/div>\n\t\t\t\t\t\t\t\t\t\t\t\t\t\t<\/a>\n\t\t\t\t\t\t\t<a class=\"e-gallery-item elementor-gallery-item elementor-animated-content\" href=\"https:\/\/sanjudastadeo.io\/wordpress\/wp-content\/uploads\/2021\/12\/seforis_san_judas_mesias.jpg\" data-elementor-open-lightbox=\"yes\" data-elementor-lightbox-slideshow=\"9cb7b98\" data-elementor-lightbox-title=\"seforis_san_judas_mesias\" data-e-action-hash=\"#elementor-action%3Aaction%3Dlightbox%26settings%3DeyJpZCI6NTQxMiwidXJsIjoiaHR0cHM6XC9cL3Nhbmp1ZGFzdGFkZW8uaW9cL3dvcmRwcmVzc1wvd3AtY29udGVudFwvdXBsb2Fkc1wvMjAyMVwvMTJcL3NlZm9yaXNfc2FuX2p1ZGFzX21lc2lhcy5qcGciLCJzbGlkZXNob3ciOiI5Y2I3Yjk4In0%3D\">\n\t\t\t\t\t<div class=\"e-gallery-image elementor-gallery-item__image\" data-thumbnail=\"https:\/\/sanjudastadeo.io\/wordpress\/wp-content\/uploads\/2021\/12\/seforis_san_judas_mesias-424x600.jpg\" data-width=\"424\" data-height=\"600\" aria-label=\"\" role=\"img\" ><\/div>\n\t\t\t\t\t\t\t\t\t\t\t<div class=\"elementor-gallery-item__overlay\"><\/div>\n\t\t\t\t\t\t\t\t\t\t\t\t\t\t<\/a>\n\t\t\t\t\t\t\t<a class=\"e-gallery-item elementor-gallery-item elementor-animated-content\" href=\"https:\/\/sanjudastadeo.io\/wordpress\/wp-content\/uploads\/2021\/12\/seforis_san_judas_procesion.jpg\" data-elementor-open-lightbox=\"yes\" data-elementor-lightbox-slideshow=\"9cb7b98\" data-elementor-lightbox-title=\"seforis_san_judas_procesion\" data-e-action-hash=\"#elementor-action%3Aaction%3Dlightbox%26settings%3DeyJpZCI6NTQxNSwidXJsIjoiaHR0cHM6XC9cL3Nhbmp1ZGFzdGFkZW8uaW9cL3dvcmRwcmVzc1wvd3AtY29udGVudFwvdXBsb2Fkc1wvMjAyMVwvMTJcL3NlZm9yaXNfc2FuX2p1ZGFzX3Byb2Nlc2lvbi5qcGciLCJzbGlkZXNob3ciOiI5Y2I3Yjk4In0%3D\">\n\t\t\t\t\t<div class=\"e-gallery-image elementor-gallery-item__image\" data-thumbnail=\"https:\/\/sanjudastadeo.io\/wordpress\/wp-content\/uploads\/2021\/12\/seforis_san_judas_procesion-424x600.jpg\" data-width=\"424\" data-height=\"600\" aria-label=\"\" role=\"img\" ><\/div>\n\t\t\t\t\t\t\t\t\t\t\t<div class=\"elementor-gallery-item__overlay\"><\/div>\n\t\t\t\t\t\t\t\t\t\t\t\t\t\t<\/a>\n\t\t\t\t\t\t\t<a class=\"e-gallery-item elementor-gallery-item elementor-animated-content\" href=\"https:\/\/sanjudastadeo.io\/wordpress\/wp-content\/uploads\/2021\/12\/seforis_san_judas_velas.jpg\" data-elementor-open-lightbox=\"yes\" data-elementor-lightbox-slideshow=\"9cb7b98\" data-elementor-lightbox-title=\"seforis_san_judas_velas\" data-e-action-hash=\"#elementor-action%3Aaction%3Dlightbox%26settings%3DeyJpZCI6NTQxNiwidXJsIjoiaHR0cHM6XC9cL3Nhbmp1ZGFzdGFkZW8uaW9cL3dvcmRwcmVzc1wvd3AtY29udGVudFwvdXBsb2Fkc1wvMjAyMVwvMTJcL3NlZm9yaXNfc2FuX2p1ZGFzX3ZlbGFzLmpwZyIsInNsaWRlc2hvdyI6IjljYjdiOTgifQ%3D%3D\">\n\t\t\t\t\t<div class=\"e-gallery-image elementor-gallery-item__image\" data-thumbnail=\"https:\/\/sanjudastadeo.io\/wordpress\/wp-content\/uploads\/2021\/12\/seforis_san_judas_velas-424x600.jpg\" data-width=\"424\" data-height=\"600\" aria-label=\"\" role=\"img\" ><\/div>\n\t\t\t\t\t\t\t\t\t\t\t<div class=\"elementor-gallery-item__overlay\"><\/div>\n\t\t\t\t\t\t\t\t\t\t\t\t\t\t<\/a>\n\t\t\t\t\t\t\t<a class=\"e-gallery-item elementor-gallery-item elementor-animated-content\" href=\"https:\/\/sanjudastadeo.io\/wordpress\/wp-content\/uploads\/2021\/12\/seforis_san_judas_espiritu_santo.jpg\" data-elementor-open-lightbox=\"yes\" data-elementor-lightbox-slideshow=\"9cb7b98\" data-elementor-lightbox-title=\"seforis_san_judas_espiritu_santo\" data-e-action-hash=\"#elementor-action%3Aaction%3Dlightbox%26settings%3DeyJpZCI6NTQxMCwidXJsIjoiaHR0cHM6XC9cL3Nhbmp1ZGFzdGFkZW8uaW9cL3dvcmRwcmVzc1wvd3AtY29udGVudFwvdXBsb2Fkc1wvMjAyMVwvMTJcL3NlZm9yaXNfc2FuX2p1ZGFzX2VzcGlyaXR1X3NhbnRvLmpwZyIsInNsaWRlc2hvdyI6IjljYjdiOTgifQ%3D%3D\">\n\t\t\t\t\t<div class=\"e-gallery-image elementor-gallery-item__image\" data-thumbnail=\"https:\/\/sanjudastadeo.io\/wordpress\/wp-content\/uploads\/2021\/12\/seforis_san_judas_espiritu_santo-424x600.jpg\" data-width=\"424\" data-height=\"600\" aria-label=\"\" role=\"img\" ><\/div>\n\t\t\t\t\t\t\t\t\t\t\t<div class=\"elementor-gallery-item__overlay\"><\/div>\n\t\t\t\t\t\t\t\t\t\t\t\t\t\t<\/a>\n\t\t\t\t\t<\/div>\n\t\t\t\t\t<\/div>\n\t\t\t\t<\/div>\n\t\t\t\t\t<\/div>\r\n\t\t\t\t<\/div>\r\n\t\t\t\t\t<\/div>\r\n\t\t\t\t<\/section>\r\n\t\t\t\t<section class=\"elementor-section elementor-top-section elementor-element elementor-element-654825d elementor-section-boxed elementor-section-height-default elementor-section-height-default\" data-id=\"654825d\" data-element_type=\"section\">\r\n\t\t\r\n\t\t\t\t\t\t\t<div class=\"elementor-container elementor-column-gap-default\">\r\n\t\t\t\t\t\t\t\t\t\t\t<div class=\"elementor-column elementor-col-100 elementor-top-column elementor-element elementor-element-48e80a5\" data-id=\"48e80a5\" data-element_type=\"column\">\r\n\t\t\t\t\t<div class=\"elementor-widget-wrap elementor-element-populated\">\r\n\t\t\t\t\t\t\t\t<div class=\"elementor-element elementor-element-6d6bca8 elementor-widget elementor-widget-heading\" data-id=\"6d6bca8\" data-element_type=\"widget\" data-widget_type=\"heading.default\">\n\t\t\t\t<div class=\"elementor-widget-container\">\n\t\t\t\t\t<h2 class=\"elementor-heading-title elementor-size-default\">Manual de identidad<\/h2>\t\t\t\t<\/div>\n\t\t\t\t<\/div>\n\t\t\t\t\t<\/div>\r\n\t\t\t\t<\/div>\r\n\t\t\t\t\t<\/div>\r\n\t\t\t\t<\/section>\r\n\t\t\t\t<section class=\"elementor-section elementor-top-section elementor-element elementor-element-e15691e elementor-section-boxed elementor-section-height-default elementor-section-height-default\" data-id=\"e15691e\" data-element_type=\"section\">\r\n\t\t\r\n\t\t\t\t\t\t\t<div class=\"elementor-container elementor-column-gap-default\">\r\n\t\t\t\t\t\t\t\t\t\t\t<div class=\"elementor-column elementor-col-100 elementor-top-column elementor-element elementor-element-acbf578\" data-id=\"acbf578\" data-element_type=\"column\">\r\n\t\t\t\t\t<div class=\"elementor-widget-wrap elementor-element-populated\">\r\n\t\t\t\t\t\t\t\t<div class=\"elementor-element elementor-element-13c790b elementor-widget elementor-widget-image\" data-id=\"13c790b\" data-element_type=\"widget\" data-widget_type=\"image.default\">\n\t\t\t\t<div class=\"elementor-widget-container\">\n\t\t\t\t\t\t\t\t\t\t\t\t\t\t\t\t<a href=\"https:\/\/sanjudastadeo.io\/wordpress\/graficos\/sjt_manual_estilo.pdf\">\n\t\t\t\t\t\t\t<img loading=\"lazy\" decoding=\"async\" width=\"600\" height=\"433\" src=\"https:\/\/sanjudastadeo.io\/wordpress\/wp-content\/uploads\/2021\/12\/manual_identidad_sjt-600x433.jpg\" class=\"attachment-medium size-medium wp-image-5388\" alt=\"\" srcset=\"https:\/\/sanjudastadeo.io\/wordpress\/wp-content\/uploads\/2021\/12\/manual_identidad_sjt-600x433.jpg 600w, https:\/\/sanjudastadeo.io\/wordpress\/wp-content\/uploads\/2021\/12\/manual_identidad_sjt-400x289.jpg 400w, https:\/\/sanjudastadeo.io\/wordpress\/wp-content\/uploads\/2021\/12\/manual_identidad_sjt-367x265.jpg 367w\" sizes=\"(max-width: 600px) 100vw, 600px\" \/>\t\t\t\t\t\t\t\t<\/a>\n\t\t\t\t\t\t\t\t\t\t\t\t\t\t\t<\/div>\n\t\t\t\t<\/div>\n\t\t\t\t\t<\/div>\r\n\t\t\t\t<\/div>\r\n\t\t\t\t\t<\/div>\r\n\t\t\t\t<\/section>\r\n\t\t\t\t<section class=\"elementor-section elementor-top-section elementor-element elementor-element-3152e2f elementor-section-boxed elementor-section-height-default elementor-section-height-default\" data-id=\"3152e2f\" data-element_type=\"section\">\r\n\t\t\r\n\t\t\t\t\t\t\t<div class=\"elementor-container elementor-column-gap-default\">\r\n\t\t\t\t\t\t\t\t\t\t\t<div class=\"elementor-column elementor-col-100 elementor-top-column elementor-element elementor-element-69e8dbe\" data-id=\"69e8dbe\" data-element_type=\"column\">\r\n\t\t\t\t\t<div class=\"elementor-widget-wrap\">\r\n\t\t\t\t\t\t\t\t\t<\/div>\r\n\t\t\t\t<\/div>\r\n\t\t\t\t\t<\/div>\r\n\t\t\t\t<\/section>\r\n\t\t\t\t<\/div>\n\t\t","protected":false},"excerpt":{"rendered":"<p>RECURSOS GR\u00c1FICOS Logos Laminas colecci\u00f3n Seforis (edici\u00f3n web) Manual de identidad<\/p>\n","protected":false},"author":2,"featured_media":0,"parent":0,"menu_order":0,"comment_status":"closed","ping_status":"closed","template":"","meta":{"footnotes":""},"class_list":["post-5379","page","type-page","status-publish","hentry"],"_links":{"self":[{"href":"https:\/\/sanjudastadeo.io\/wordpress\/wp-json\/wp\/v2\/pages\/5379","targetHints":{"allow":["GET"]}}],"collection":[{"href":"https:\/\/sanjudastadeo.io\/wordpress\/wp-json\/wp\/v2\/pages"}],"about":[{"href":"https:\/\/sanjudastadeo.io\/wordpress\/wp-json\/wp\/v2\/types\/page"}],"author":[{"embeddable":true,"href":"https:\/\/sanjudastadeo.io\/wordpress\/wp-json\/wp\/v2\/users\/2"}],"replies":[{"embeddable":true,"href":"https:\/\/sanjudastadeo.io\/wordpress\/wp-json\/wp\/v2\/comments?post=5379"}],"version-history":[{"count":22,"href":"https:\/\/sanjudastadeo.io\/wordpress\/wp-json\/wp\/v2\/pages\/5379\/revisions"}],"predecessor-version":[{"id":5420,"href":"https:\/\/sanjudastadeo.io\/wordpress\/wp-json\/wp\/v2\/pages\/5379\/revisions\/5420"}],"wp:attachment":[{"href":"https:\/\/sanjudastadeo.io\/wordpress\/wp-json\/wp\/v2\/media?parent=5379"}],"curies":[{"name":"wp","href":"https:\/\/api.w.org\/{rel}","templated":true}]}}